e units digit of p?
6
Let h = -4 + 11. Suppose -3*w + h*w = 12. Suppose f = w*f - 16. What is the units digit of f?
8
Let d = -7 + 6. Let s(y) = -5*y**3 + 2*y**2 + 2*y + 1. Let t be s(d). Let i = t - 3. What is the units digit of i?
3
Let w(d) be the first derivative of d**3/3 + 5*d**2/2 + 5*d + 2. Let a(o) = 2*o + 9. Let p be a(-7). What is the units digit of w(p)?
5
What is the tens digit of (34/6)/((16/(-6))/(-8))?
1
Let o(p) be the third derivative of 7*p**4/24 + p**3/2 - 9*p**2. What is the tens digit of o(6)?
4
What is the units digit of 533/52*(9 + -1)?
2
Suppose 4*v - 169 = -25. Suppose -v = -5*g + 2*g. What is the units digit of g?
2
Let y(l) = 4*l - 9. Let m(o) = -o. Let t(n) = 2*m(n) + y(n). What is the units digit of t(12)?
5
Let h be 54/(5/2 + -2). Suppose -6*j = -3*j + h. What is the tens digit of (j/14)/(4/(-28))?
1
Let g(r) = r**2 + 3*r - 3. Let l be g(-6). Let i = l + -2. What is the units digit of i?
3
Let o = 5 + 2. Let b(q) = q**3 - 8*q**2 + 8*q. What is the units digit of b(o)?
7
Let g(w) be the first derivative of w**3/3 + w - 1. Let i be g(-1). Suppose -4*s = 3*q - 66, q - 28 = -2*s + i*q. What is the units digit of s?
5
Let h = -91 - -223. What is the hundreds digit of h?
1
Suppose 2*w = -0*w + 52. Let p = 1 + w. What is the units digit of p?
7
Suppose -4*r + r = -84. Let t = -7 + r. What is the units digit of t?
1
Suppose -24*w + 117 = -23*w. What is the units digit of w?
7
Let b(a) be the second derivative of a**4/12 + a**3/3 + a**2 + 3*a. What is the units digit of b(-4)?
0
What is the units digit of (-1079)/(-65) + 4/10?
7
Let q = -70 - -31. Let z = -7 - q. What is the tens digit of z?
3
Let o = -66 + 98. What is the tens digit of o?
3
Suppose -6*l + 108 = -2*l. What is the tens digit of l?
2
Let l(a) = -7*a**3 - a**2 + 2*a + 3. What is the tens digit of l(-2)?
5
Let r = -60 + 110. Suppose -w - z = -0*w - 50, 3*z - r = -w. What is the tens digit of w?
5
Let x(o) = 22*o - 21. What is the tens digit of x(4)?
6
Let b(a) be the third derivative of 0 - 2*a**2 - 2/3*a**3 + 0*a + 1/12*a**4. What is the units digit of b(6)?
8
What is the tens digit of 64/(-12)*6/(-2)?
1
Let j(m) be the third derivative of 0 + 0*m**4 - 1/60*m**5 + 0*m + 1/120*m**6 - m**2 + 13/6*m**3. What is the units digit of j(0)?
3
Let u(a) = a**2 - 3*a + 176. What is the units digit of u(0)?
6
Let o(b) = b**3 + 6*b**2 - 21*b - 1. What is the units digit of o(-7)?
7
Let x = 135 - 75. What is the units digit of x?
0
Suppose -3*b + b + 96 = 0. Suppose 0*m + 27 = 2*p - 3*m, b = 3*p + 3*m. Suppose 3*t + 2*r - 2 = 23, t - p = -2*r. What is the units digit of t?
5
Suppose 3*v = -5*m - v - 17, 0 = -m + 5*v + 14. What is the units digit of 13 - m - 4/(-4)?
5
Let z = -5 - -9. Let w(n) = n**2 - 2*n - 1. Let r be w(z). What is the units digit of r*1 + 6/(-3)?
5
Suppose 5*s - 48 = s. Let p = s - -7. What is the units digit of p?
9
Suppose -5*t - 40 = -15. What is the units digit of (5/t)/((-2)/106)?
3
What is the units digit of (0 - 1) + 9 + -1?
7
Let x(f) = 12*f**2 + 6*f + 4. What is the units digit of x(-2)?
0
Suppose -141 = -p - 4*p + a, 149 = 5*p + a. What is the units digit of p?
9
Suppose g - 4*v + 10 = 0, 0 = g + 5*v - 6 - 20. Suppose -6 - g = -3*w. Suppose -2*y = 3*f - 39, w*y + 14 = 3*f - 25. What is the units digit of f?
3
Let h(q) = q**3 + 6*q**2 - 6*q - 9. Suppose -12 = -x + 3*x. Let b be h(x). What is the units digit of (20/6 + -3)*b?
9
Let j = -23 + 2. Let u = j + -13. Let a = -24 - u. What is the tens digit of a?
1
Let u(o) = o**2 + 8*o - 5. Let p be u(-9). Suppose p*l = j + 10, -7*l + 7 = -4*j - 2*l. Let n = 4 - j. What is the units digit of n?
2
Let v(r) = r**2 + 4*r. Let j be v(-6). What is the units digit of 9 + j/3 + 3?
6
Let q(j) = -j**2 - 3*j - 2. Let n(v) = v**2 + 3*v + 1. Let p(o) = 4*n(o) + 3*q(o). Let k be p(-4). Suppose 4*t - k*t = 14. What is the units digit of t?
7
What is the units digit of (-20)/(-6) - (12/9 - 1)?
3
Let v(w) be the second derivative of w**4/12 + w**3 - 4*w**2 + w. What is the units digit of v(-8)?
8
Suppose 306 = 11*x - 8*x. What is the tens digit of x?
0
Let y(t) = -7*t + 1. Let v be y(-2). Suppose p - 2*u + 28 = -2*p, 0 = p + 4*u. Let j = p + v. What is the units digit of j?
7
Let w(k) = k**2 + 12*k - 6. Suppose -5*g - 2 = -3*g - m, 0 = 2*g + 4*m + 2. Let f(a) = -a + 1. Let d(r) = g*w(r) - 6*f(r). What is the units digit of d(-5)?
5
Suppose 2*n - 9 - 39 = 0. Suppose p - 5*p = -n. What is the units digit of p?
6
Suppose 4*q - 2 = v, -q + 2*q = -v - 7. Let a be (-22)/v - 1/(-3). Suppose a*m + 3*l - 35 = 0, 0 = -6*m + 2*m + 5*l - 5. What is the units digit of m?
5
Suppose 2*v + 3*v + 140 = b, -v - 4*b = 7. Let x = v - -61. Suppose -2*l - 4 = -x. What is the tens digit of l?
1
Let a(m) = -m**2 - 12*m + 6. What is the units digit of a(-9)?
3
Let i be (-1 - 3/(-6))*2. Let v = 23 - i. What is the tens digit of v?
2
Let a(f) = f**2 - 6*f + 7. Let k be a(6). Let y = -30 - -26. Let x = k - y. What is the units digit of x?
1
Let v(u) = -6*u**2 - 2*u - 1. Let t(a) = a**3 + 6*a**2 - 1. Let b be t(-6). Let o be v(b). Let w = o + 10. What is the units digit of w?
5
Let n(q) = 2*q**2 - 14*q. What is the tens digit of n(8)?
1
Let x = -121 - -355. What is the units digit of x?
4
Let q(k) = -k - 1. Let p(h) = 8*h + 5. Let x(j) = -p(j) - q(j). What is the units digit of x(-4)?
4
Suppose 2*w - 5*w + 351 = 0. What is the tens digit of w?
1
Suppose -2*u = -3*u. Suppose 5*d - 39 - 41 = u. What is the tens digit of d?
1
Let t(j) = -4. Let q(u) = -u + 5. Let v(k) = 4*q(k) + 5*t(k). What is the tens digit of v(-12)?
4
Let j = 5 - 7. Let k(b) = -2*b - 3. What is the units digit of k(j)?
1
Let q = 18 - 13. Suppose 2*h = -5*z - 3, 3*h + 2*h + 25 = q*z. What is the units digit of z?
1
Suppose -x = -5*a - 3*x + 150, 3*a + 5*x - 90 = 0. What is the tens digit of a?
3
Let w(f) be the second derivative of f**5/20 - f**4/3 - 5*f**3/6 - f. Let s be w(5). Suppose x - 3*x + 14 = s. What is the units digit of x?
7
Suppose -p = -2*p + 2. Suppose -p*d = -6, -d - d = -4*n + 14. What is the units digit of n?
5
Suppose 3*a - 8*a = 30. Suppose 2*h = 6, 3*v + 2*h - h - 33 = 0. Let d = a + v. What is the units digit of d?
4
Let i = 14 + -10. Suppose -h + 15 = 3*m - 19, 0 = i*h - 16. What is the units digit of m?
0
Suppose -7*t = -6*t - 4. Suppose -h = -j - 20, 40 = 2*h + j + t*j. Suppose 3*b + 10 = 2*a, 3*a + 3*b = 7*a - h. What is the units digit of a?
5
Let w(b) = -b**3 - 3*b**2 - b + 214. What is the units digit of w(0)?
4
What is the tens digit of 4/(-144)*-4 + (-9150)/(-27)?
3
Let i be 2/(-8) - (-68)/16. Suppose i*u - 3*u - 14 = 0. What is the units digit of u?
4
Let h(c) be the second derivative of 0*c**2 - 6*c**3 + 3*c + 5*c**3 - c**2. What is the units digit of h(-2)?
0
Let r = 5 - -3. Let q(n) = 3*n + 3. What is the units digit of q(r)?
7
What is the units digit of (21/(-9))/7*-3?
1
Suppose -2*r = 4 - 10. Suppose i - s = 46 - r, i + 5*s = 25. What is the tens digit of i?
4
Let n(i) = 2*i**2 + 5*i - 1. Suppose 0 = -4*t - o + 14, 3*t - 2*o = 5*t - 10. Suppose p = -t*p + 2*u - 8, 3*p = -4*u - 28. What is the units digit of n(p)?
1
Suppose 4*k = -0*k - 5*x - 5, -4*x = k + 4. Suppose 2*g + 1 = 5*q + 6, k = -3*g - 5*q + 70. What is the tens digit of g?
1
Let n(w) = 7*w**2 + w. Let s = -11 + 12. What is the units digit of n(s)?
8
Let q(l) = -l**2 + 2*l + 2. Let s be q(3). Suppose 0 = 2*m + 2*m - 28. What is the units digit of m - -1*1/s?
6
What is the units digit of 1*59 + -10 + 7?
6
Suppose 4*g - 5*g + 5 = 0. What is the units digit of g?
5
Suppose 5*m = -n + 33, -3 = 3*m + 2*n - 20. What is the units digit of m?
7
Suppose -742 = -3*o + 2*t, -304 - 198 = -2*o + 5*t. What is the units digit of o?
6
Let k = -11 + 31. What is the units digit of k?
0
Let u(i) = i**2 + 7*i. Let q be u(-7). Let h = q + 10. What is the tens digit of h?
1
Suppose -40 = -4*h + 16. Let w = h - 5. What is the units digit of w?
9
Let c = 29 + 72. What is the units digit of c?
1
Suppose 43 + 33 = f. What is the tens digit of f?
7
Suppose -4*g - g + 367 = 4*a, 0 = g - 3*a - 81. What is the units digit of g?
5
Let q = 351 + -208. What is the units digit of q?
3
Suppose -5*o = -3*t + 34, -t - 4*o + 8 = -5*o. Let k be -2*(-3)/4*54. What is the units digit of ((-1)/t)/((-3)/k)?
9
Let f = -9 